pose i = 8*a - 9880 - 1176. Is a a prime number?
False
Let a = 15 + 1. Let c be a/(-32)*0/(-2). Is (1 + c)*2325/15 prime?
False
Let h(v) = -5*v**2 - 9*v**2 - 10*v**3 - 12*v - 11 + 7*v**2. Is h(-6) a prime number?
False
Suppose 0 = -29*b + 36*b - 28. Is (17254 - 45) + b/1 composite?
True
Let y(s) = 14*s**2. Let j be y(-1). Suppose 0 = -3*n + 12, 5*l + n - j = -0*n. Suppose 5*i - 2*o = 469, 4*i + l*o = i + 291. Is i a composite number?
True
Let d be (-174)/(-12) + (-2)/4. Suppose 30*h = d*h + 245584. Is h a prime number?
True
Let g(j) = -6*j**3 - 4*j**2 + 18*j - 31. Let x(n) = 13*n**3 + 8*n**2 - 36*n + 63. Let u(h) = -9*g(h) - 4*x(h). Is u(8) composite?
False
Let h = -60 - -71. Suppose -18 = h*j + 15. Is j - 5354/(-14) - (-6)/(-14) prime?
True
Suppose 0 = 4*j + 16, 2*t - t - 5*j = 37. Suppose 0 = 23*h - t*h - 1554. Is h composite?
True
Let a be (32/10)/(16/(-120)). Let r = 28 + a. Suppose -1115 = -r*f - f. Is f a prime number?
True
Let t(o) = 1049*o**2 - 3*o - 1. Suppose 3*l - 11 = -2*z, -4*z = -7*l + 5*l + 18. Is t(z) a composite number?
False
Let m(v) be the first derivative of -v**2/2 + 8*v + 15. Let k be m(4). Is k - (-44)/(-12) - 2146/(-6) a composite number?
True
Let a be 1 + 0 + 512 + -3. Suppose -24*j + 3*j = 4179. Let p = a + j. Is p a prime number?
True
Let d be 3 - -3*20/24*-218. Let u = d + 135. Is u/(-2) - 3/12*2 a prime number?
False
Let s(b) = b**3 - 33*b**2 - b + 34. Let i be s(33). Is (991375/35 + 0 + -6)*i a prime number?
True
Suppose x = -z - 2, -4*z - 6*x - 4 = -4*x. Suppose 3*f = -5*t + 26706, z = 4*f - t - 58268 + 22637. Is f prime?
False
Suppose -w + 24 = -3. Let l = w - 42. Let p(g) = -g**3 - 12*g**2 + 7*g + 3. Is p(l) a prime number?
False
Let o(z) = z**2 - z + 1. Let j(y) = -481*y**2 - 5*y + 4. Let x(t) = -j(t) + 5*o(t). Suppose 5 = 6*c - c. Is x(c) prime?
True
Suppose 0 = 3*y - 5*n - 179218, 7*y = 8*y - 5*n - 59736. Is y composite?
True
Is ((-59)/200 - 51/(-136)) + (-47366346)/(-50) a composite number?
False
Let u(m) = -72*m**3 - m**2 + 8*m + 6. Let g(l) = -l**2 + 6*l + l - 73*l**3 + 129 - 124. Let o(x) = -6*g(x) + 5*u(x). Is o(1) composite?
True
Let a(t) = -8*t + 36. Let i be (-8)/12*3*-2. Let b be a(i). Is -2 - (-1695)/(20/b) prime?
True
Let b(i) = -i**2 + 9*i + 3. Let u be b(9). Let q(y) = 8*y + 209*y**3 - 6*y**2 - 3 - 1 - 200*y**3. Is q(u) prime?
False
Let h = 166 + -141. Is h/(250/21720) + 5/1 a composite number?
True
Let k be -1 + (-26)/(-30) + 310/75. Suppose -k*y - 4469 = -12633. Is y composite?
True
Suppose 7*w - 3 = 18. Suppose -2*r = 4*z - 25960, -w*r - 29 = -23. Is z composite?
False
Let o = 6204 + -10063. Let p = o + 19422. Is p a prime number?
False
Suppose -4*m = -4*l + 145668, 5*m = 4*l - 57677 - 87993. Is l composite?
True
Let y(o) = -2*o**3. Let n be y(-1). Let l be 2*(n - 3) - (-1354 + 7). Suppose 0 = 3*m - i - 799, -l = -5*m + 3*i + 2*i. Is m composite?
True
Let w = 2590530 + -903808. Is w composite?
True
Let v(l) be the second derivative of 40*l - 271/6*l**3 + 0 + 15/2*l**2. Is v(-2) composite?
False
Let j(i) be the second derivative of i**7/2520 + i**6/360 + 979*i**5/120 - 11*i**4/12 - 2*i. Let f(y) be the third derivative of j(y). Is f(0) a prime number?
False
Let g(r) = 49*r**2 - 53*r - 43. Is g(7) a prime number?
True
Let m = 149541 - -1250. Is m prime?
True
Let q be (-1)/(-6) + (-506)/(-276). Suppose 4*n - 18482 = -2*j, -6*n + q*j = -5*n - 4623. Is n prime?
True
Suppose 0 = -5*t - 4*w - 1382, t - 4*t = -5*w + 807. Let d = t - -10638. Suppose d = 8*n - 4628. Is n a prime number?
False
Suppose t - 1106504 = -3*c, 5*t + 827188 + 648119 = 4*c. Is c a composite number?
False
Let m = -13850 + 98481. Is m a composite number?
False
Suppose -4*p = 5*s - 15260, 0 = -4*p + 3*s - 0*s + 15228. Suppose -4*k = -2*k - 2*g - p, 0 = -4*k + 3*g + 7618. Is k composite?
True
Let m(h) be the second derivative of 9*h**5/20 - h**4 + 10*h**3/3 - 31*h**2/2 - h + 1. Is m(10) composite?
True
Let g(k) = 3*k + 68. Let o be g(-21). Suppose -5*r + 15430 = o*r. Is r prime?
True
Suppose -24*p + 306 = -7*p. Let n(b) = 2*b**3 - 10*b**2 + 12*b - 17. Is n(p) composite?
False
Let m = 18961 + -9046. Let t be (-10)/45 - (-1 - m/27). Suppose 1618 = 3*z - t. Is z a prime number?
False
Let f(g) = 494*g**3 - 14*g**2 - 2*g + 11. Is f(6) prime?
False
Is (-6 - -5)*2374026/(-10 - -4) prime?
True
Let h(d) = -2*d**3 - 2*d**2 + 9*d - 16. Suppose 32*f - 34*f = 116. Let t = f + 53. Is h(t) a composite number?
False
Let q = -439 - -443. Suppose 0 = -q*k + 12*k - 28760. Is k composite?
True
Let q = 320600 - 107797. Is q a composite number?
True
Let p(b) be the second derivative of b**4/12 - b**3/6 - 5*b**2 + 5*b. Let u be p(4). Suppose 0 = -n + 5*q + 168, 5*n - u*q - 700 = 25. Is n a composite number?
True
Let d(x) = -x**2 + 9*x - 15. Suppose 0*w = -w + 6. Let k be d(w). Suppose -k*r - 58 + 811 = 0. Is r a composite number?
False
Let o(d) = d**3 + d + 83. Let f(v) = 3*v - 17. Let u(x) = -x + 8. Let z(n) = 2*f(n) + 5*u(n). Let c be z(-6). Is o(c) prime?
True
Suppose 0 = 4*q + 4*i - 20, -i + 21 = 5*q + 2*i. Let b be (q/(-2))/(3/(-162)). Suppose z - b - 8 = 0. Is z composite?
False
Suppose 19 = -y + 5*o + 10, -2*y - 2*o + 18 = 0. Suppose 12 = -4*h, -17662 = -y*r + 2*r + 2*h. Is r a composite number?
True
Let g(n) = 8*n**2 + 14*n + n**2 + 4 + 4*n**2. Suppose -2*f + 4*w = 5*w + 8, 2*f + 3*w = -12. Is g(f) a prime number?
True
Let x = 398 - 393. Is 0 + 40716/x - 5/25 composite?
True
Suppose j + 2035 = 1080 + 7733. Is j a composite number?
True
Let u(r) = r**3 + 9*r**2 - r - 4. Suppose 4*b - 4 = 2*n + 26, 2*b = 2*n + 24. Let k be u(n). Suppose k*c + 456 = 1351. Is c composite?
False
Let m = -81835 + 142328. Is m prime?
True
Suppose 5*n = 2*v + 5260, -n = -4*n - 5*v + 3156. Let g = -726 + n. Is g composite?
True
Let q = 3208 - 1161. Suppose 4*n + 2072 = 2*s, s + n = -s + q. Let y = 1723 - s. Is y a prime number?
False
Let k = -911974 + 1331217. Is k a composite number?
True
Let z(a) = 24*a**3 - 58*a**2 - 2*a - 25. Is z(18) prime?
False
Let l = 10 + -3. Suppose 0 = 3*u + 6, l*u - 14 = x + 2*u. Is (-4)/x + 12111/18 a composite number?
False
Suppose 3*f + 1 = u, 4*f - 6*f + 2 = 2*u. Suppose -9*k - 4321 + 96076 = f. Is k a composite number?
True
Let y(p) = -3*p**2 - 10*p - 1. Let q(u) = -5*u**2 - 19*u - 1. Let r(x) = 4*q(x) - 7*y(x). Let n be r(-6). Suppose 2*o = -10, d + o - 335 = -n. Is d composite?
True
Suppose 10*t - 68016 = 1704. Suppose g - t - 4931 = 0. Is g prime?
True
Let i = -173 + 213. Suppose 34*r + 444 = i*r. Is r a prime number?
False
Let y be 82936/(-5)*380/(-152). Suppose 29*k = k + y. Is k a composite number?
False
Suppose -3*r + 27 = -201. Let z = 2222 - 2221. Is z + r + (-2 - -4) a prime number?
True
Let h(u) = -174*u**2 + 6 + 177*u**2 + 7*u + 0*u. Let x be h(-2). Suppose -2044 + 762 = -2*q + x*j, 3*q + 4*j = 1873. Is q a prime number?
True
Suppose 5*m - 260 = 4*b + 25, 4*m - b = 239. Let u = 57 - m. Let g(z) = 118*z**2 + 7*z + 5. Is g(u) prime?
False
Suppose -67*r + 723995 = -48*r. Is r a composite number?
True
Suppose 5*u = -25, 0*z + 15 = -5*z - 5*u. Suppose z*a = 3*o + 321 + 161, 3*a - 4*o = 725. Is a a prime number?
False
Let i(s) = s**3 + 7*s**2 + s + 9. Let z be i(-7). Is (39/6 - z)*2382/9 a prime number?
False
Let w = 152 + 208. Let s be (252/(-5))/((-12)/w). Let t = -253 + s. Is t a composite number?
False
Let d(s) = 39*s**2 - 66*s - 736. Is d(-17) a composite number?
False
Let j = -17136 + 29183. Is j composite?
True
Let n(g) = g**3 - 14*g**2 + 55*g - 12. Let q be n(6). Suppose -10902 = q*a - 36*a. Is a a composite number?
True
Suppose -y = 10*q - 5*q - 5373027, 2*q + y = 2149206. Is q a prime number?
True
Let h(i) be the first derivative of 90*i**4 + i**2 - i - 3. Let u be h(1). Let t = 898 - u. Is t composite?
True
Let h = -13 + 18. Let w be (-5)/(5/(-7)) - h. Is w + 1/(1/2) - -3931 composite?
True
Suppose -2*g + 27 = -5*k + g, 4*k + g = -8. Let u be -2*k*4/8. Suppose -u*d - 1280 = -2*q + 390, q - 835 = 3*d. Is q a composite number?
True
Let d(u) = -275*u**3 + 9*u**2 + 43*u + 107. Is d(-8) a composite number?
True
Let h = -57191 + 83484. Is h prime?
True
Is (-4)/18*(-2224935)/30 composite?
False
Let i(f) = 3*f**3 + 14*f**2 - 3*f + 13. Let o(z) = z**3 - 22*z**2 - 3*z + 84. Let v be o(22). Is i(v) a prime number?
True
Let k be